 is 100 + 2211002?
2211102
In base 4, what is -12 - 21011?
-21023
In base 12, what is 3a5 + 4?
3a9
In base 15, what is 3 - 4c3?
-4c0
In base 4, what is 10001 + -100?
3301
In base 15, what is 3 - 2eb?
-2e8
In base 2, what is 1000 - -1111100?
10000100
In base 7, what is 346 + 22?
401
In base 5, what is 110142 + 2?
110144
In base 12, what is 13 - 396?
-383
In base 4, what is 1011 - 111?
300
In base 16, what is 18 + -19a?
-182
In base 9, what is -21 + 10?
-11
In base 4, what is 11 + 100?
111
In base 12, what is 43 + 6?
49
In base 15, what is 5 + -97?
-92
In base 14, what is 64 + 4?
68
In base 5, what is -111 - -221?
110
In base 12, what is 90 - 3?
89
In base 4, what is 113 + 102?
221
In base 5, what is 234 - -1031?
1320
In base 2, what is 1100 - 1001110?
-1000010
In base 8, what is -173 + -5?
-200
In base 14, what is 11 - -a?
1b
In base 13, what is -2 + -3a?
-3c
In base 4, what is 2 + -130303?
-130301
In base 4, what is -1300 + -3?
-1303
In base 8, what is 10132 + -1?
10131
In base 13, what is 5 - 22?
-1a
In base 6, what is -2 - -1033?
1031
In base 12, what is b3 - 3?
b0
In base 14, what is 3 + ad?
b2
In base 14, what is 8 + 4c?
56
In base 13, what is 7 - 11?
-7
In base 12, what is 22 + -64?
-42
In base 14, what is 33 + 97?
ca
In base 14, what is -3 + -179?
-17c
In base 7, what is -5 + -1032?
-1040
In base 11, what is -3058 + -1?
-3059
In base 4, what is 1002320 - -10?
1002330
In base 9, what is -1 - -4?
3
In base 4, what is -2123 - -2?
-2121
In base 7, what is 621 - 22?
566
In base 8, what is -1721 - -4?
-1715
In base 10, what is -2 - 3402?
-3404
In base 10, what is -322 + -3?
-325
In base 13, what is 167 - -2?
169
In base 9, what is 652 - -12?
664
In base 14, what is 7 - -a?
13
In base 5, what is -203242 - 1?
-203243
In base 12, what is 1a - 2?
18
In base 6, what is -10 + -23432?
-23442
In base 4, what is -1 - -22322?
22321
In base 13, what is 5 + -17?
-12
In base 10, what is -16 - 10?
-26
In base 10, what is 4 + -80?
-76
In base 16, what is -5 + 38?
33
In base 12, what is -5 + 460?
457
In base 7, what is -14430 - 5?
-14435
In base 2, what is -1010101101 - 0?
-1010101101
In base 6, what is 43 + -2?
41
In base 14, what is 68 - 1?
67
In base 12, what is -255 - -1?
-254
In base 5, what is -40 - 1?
-41
In base 6, what is 15500 - -4?
15504
In base 16, what is b - 4f?
-44
In base 5, what is 1 + 1213?
1214
In base 15, what is -34 - -1?
-33
In base 16, what is 509f - -2?
50a1
In base 14, what is 17 - 17?
0
In base 4, what is 10202 + -11?
10131
In base 15, what is 27ba - 2?
27b8
In base 4, what is 0 + -203323?
-203323
In base 15, what is -5 - -489?
484
In base 16, what is -236 + 5?
-231
In base 13, what is 78 - 4?
74
In base 9, what is 125 - -10?
135
In base 12, what is 3007 + -2?
3005
In base 9, what is -45 + -1?
-46
In base 6, what is 0 - 210?
-210
In base 13, what is 1 - -2a?
2b
In base 5, what is 2 + 3140?
3142
In base 8, what is -1675 + 4?
-1671
In base 7, what is -3360 - -31?
-3326
In base 10, what is -50 + 0?
-50
In base 11, what is -2a47 + -2?
-2a49
In base 14, what is -5 - 4b?
-52
In base 10, what is -46 + -114?
-160
In base 4, what is 21 + 3?
30
In base 3, what is 20 + -121111?
-121021
In base 2, what is -1 - 1001100?
-1001101
In base 8, what is 3 + -462?
-457
In base 16, what is -883 - 5?
-888
In base 6, what is -5 - -145?
140
In base 4, what is -3 - -20?
11
In base 13, what is -4 + -4b?
-52
In base 9, what is 6252 - 3?
6248
In base 10, what is -227 + -4?
-231
In base 13, what is -5 + 13a?
135
In base 6, what is -2 - -3023?
3021
In base 14, what is -1b + 25?
8
In base 16, what is 1 + -95?
-94
In base 6, what is 120 + -523?
-403
In base 8, what is -145 - 6?
-153
In base 14, what is 13a3c + -4?
13a38
In base 5, what is -2 + 1002?
1000
In base 12, what is -171 + -27?
-198
In base 8, what is 165 + -47?
116
In base 16, what is 216c - -4?
2170
In base 10, what is 12828 + 2?
12830
In base 5, what is 341 + -2?
334
In base 10, what is 907 - -4?
911
In base 13, what is -2 + -162?
-164
In base 14, what is 39 - 0?
39
In base 2, what is -10011100001 + 10?
-10011011111
In base 8, what is 0 + 735?
735
In base 3, what is 12 - -102?
121
In base 15, what is 1ec - 3?
1e9
In base 6, what is -1520 - 5?
-1525
In base 16, what is -74c + 3?
-749
In base 9, what is 5 - 50?
-44
In base 11, what is -1 - 158?
-159
In base 15, what is 2e1 - -1?
2e2
In base 11, what is -3652 + -3?
-3655
In base 12, what is -3 - 278?
-27b
In base 3, what is -1102021 + -11?
-1102102
In base 12, what is 68 - -39?
a5
In base 2, what is 10000 + 100?
10100
In base 6, what is 1105 + -4?
1101
In base 12, what is 9 - 193?
-186
In base 2, what is 10 - 1010011100001?
-1010011011111
In base 6, what is -30 + -45?
-115
In base 8, what is -625 + 22?
-603
In base 16, what is -3 - 56?
-59
In base 2, what is -100001010 - -1000?
-100000010
In base 10, what is 1154 + -9?
1145
In base 9, what is -6452 + -5?
-6457
In base 13, what is -3 - 120?
-123
In base 9, what is -106 + -2?
-108
In base 6, what is -1 - 315?
-320
In base 11, what is -4 - -134?
130
In base 4, what is 1020 + -210?
210
In base 10, what is -540 - -1?
-539
In base 16, what is 4 - -61?
65
In base 14, what is 240b + 1?
240c
In base 4, what is -13110 - 210?
-13320
In base 15, what is -7 + a?
3
In base 11, what is 766 - -2?
768
In base 10, what is -454 - 19?
-473
In base 10, what is 1 + -162?
-161
In base 3, what is 221 - -1201?
2122
In base 16, what is 35e4 + -4?
35e0
In base 6, what is -11104 + -5?
-11113
In base 3, what is -11002 - -210?
-10022
In base 12, what is b32 - 4?
b2a
In base 12, what is 45 - 1?
44
In base 2, what is 111101 + -10011?
101010
In base 8, what is 4 + 7?
13
In base 14, what is -522 + 5?
-51b
In base 10, what is -410 - 2?
-412
In base 12, what is 26 + -24?
2
In base 5, what is -2 - -100301?
100244
In base 6, what is 4 + 325?
333
In base 10, what is -11513 - -3?
-11510
In base 16, what is -1f3 - 5?
-1f8
In base 2, what is 0 - -100011101100?
100011101100
In base 15, what is 125 + -7?
11d
In base 15, what is 4ba6 + -2?
4ba4
In base 6, what is -1 + -2?
-3
In base 12, what is 7b4 - -4?
7b8
In base 14, what is 4 - 51?
-4b
In base 14, what is 430c - -5?
4313
In base 9, what is -713 - 2?
-715
In base 8, what is 10 - 12?
-2
In base 9, what is -84 - -47?
-36
In base 2, what is 10110 + -1110?
1000
In base 5, what is 3 - -10204?
10212
In base 10, what is 8422 - 1?
8421
In base 5, what is 10 - -1033?
1043
In base 10, what is -3 - 53?
-56
In base 7, what is -5 + -1654?
-1662
In base 16, what is 130e - -4?
1312
In base 8, what is 3 - -11340?
11343
In base 14, what is -3 - 0?
-3
In base 5, what is -1 + 32040?
32034
In base 4, what is 2013 - -1?
2020
In base 13, what is -3 + -229?
-22c
In base 10, what is 3 - 2331?
-2328
In base 6, what is 34 + 112?
150
In base 7, what is -22 - 3?
-25
In base 11, what is 0 + 1a?
1a
In base 12, what is 11 - 74?
-63
In base 7, what is -2 + 41?
36
In base 16, what is -22a - a?
-234
In base 3, what is 0 - -20012?
20012
In base 16, what is 7 + -a5?
-9e
In base 8, what is -253 - 5?
-260
In base 9, what is -44 - 350?
-404
In base 10, what is -141 + -4?
-145
In base 11, what is 2a + -4?
26
In base 13, what is 18a - 4?
186
In base 8, what is -5 - 101?
-106
In base 15, what is -1 + -c6d?
-c6e
In base 3, what is 22 - -1000010?
1000102
In base 5, what is -10 - -4411?
4401
In base 14, what is -22 - -55?
33
In base 12, what is -210 + -3?
-213
In base 3, what is 2 - 1010?
-1001
In base 16, what is 6 + 1d4?
1da
In base 9, what is 2 + 23?
25
In base 11, what is -102 - -3?
-aa
In base 10, what is 22 + 1?
23
In base 4, what is -11 - 33?
-110
In base 2, what is 101 - 111111?
-111010
In base 10, what is 2 - -11?
13
In base 6, what is 451 + -10?
441
In base 10, what is -7 + -111?
-118
In base 10, what is 5 + 854?
859
In base 14, what is -471a - -5?
-4715
In base 10, what is -86 - 9?
-95
In base 12, what is -162 + -3?
-165
In base 9, what is 0 - -207?
207
In base 8, what is -146 + -35?
-203
In base 8, what is 12 - 134?
-122
In base 12, what is 5 - -3212?
3217
In base 7, what is -101 + -1?
-102
In base 16, what is -34b - 3?
-34e
In base 10, what is -4 - -20?
16
In base 2, what is 10111000 - 100?
10110100
In base 13, what is -255 - -3?
-252
In base 13, what is 13 + -c?
4
In base 2, what is 10101011 + 1101?
10111000
In base 14, wha